1813. What are the prime factors of p?
3, 373
Suppose 0 = 4*r - 20, -28 = -5*a + a - 4*r. Suppose -a*n - 37 = -195. What are the prime factors of n?
79
Let r(x) = -6*x**3 - 8*x**2 + x + 24. What are the prime factors of r(-6)?
2, 3, 19
Let h = -40 + 48. Let t(z) be the first derivative of 2*z**2 - 4*z - 1. What are the prime factors of t(h)?
2, 7
Let w = 15 - 14. Let o = 0 + w. Let l(m) = 11*m**3 - m**2 + m. List the prime factors of l(o).
11
What are the prime factors of (-8)/18 - (-1489)/9?
3, 5, 11
Let n = -4 + -159. Let u = -94 - n. List the prime factors of u.
3, 23
What are the prime factors of (-2)/((-20)/5138) - (-103)/515?
2, 257
Suppose -4*u - 139 = l, -5*u = -2*l + 44 + 120. Let y = u + 47. Suppose -114 = -y*m + 11*m. What are the prime factors of m?
3, 19
Let g be 20/((-2)/((-6)/(-3))). Let i(k) = -10*k + 15. What are the prime factors of i(g)?
5, 43
Let y be (3 + 0)*(-94)/3. What are the prime factors of -2 + 3 - (y - -3)?
2, 23
Let u be 6 - (-1 + 0 - -4). Suppose 4*m = -5*x + 553, 0 = -10*x + 5*x - m + 562. Suppose -u*v + 37 = -x. What are the prime factors of v?
2, 5
Suppose -2*u = 3*b - 128, 5*b - 212 = -u - 2*u. What are the prime factors of b?
2, 5
Suppose -4*r + d + 2*d + 23 = 0, -5*r = -2*d - 34. Let q = -2 - -16. Suppose r*x - 9*x + q = 0. What are the prime factors of x?
2, 7
Let g be 7/((-140)/(-45) + -3). Suppose -5*b + g = -5*j - 172, 5*b - 3*j = 233. List the prime factors of b.
2, 23
Suppose 18 = 4*n - 7*n. Let g = -20 - n. Let w = 35 + g. What are the prime factors of w?
3, 7
Let p(w) = 58*w**3 - 5*w**2 + 5*w. Let j(y) = 173*y**3 - 14*y**2 + 14*y. Suppose 6*b - 22 = 8*b. Let t(k) = b*p(k) + 4*j(k). What are the prime factors of t(1)?
2, 3
List the prime factors of (-10 - (-31)/3)*7416.
2, 3, 103
Suppose 3*s + 5*k = 88, 0 = 5*s + k - 63 - 69. Let f = 47 + -23. Suppose p - 4*o = -0*p + f, 2*p - s = -3*o. List the prime factors of p.
2
Suppose 0 = -8*z + z - 4851. What are the prime factors of 2/(-3) - z/27?
5
Let d = -216 + 364. What are the prime factors of d?
2, 37
Let m = 477 - -161. List the prime factors of m.
2, 11, 29
Let l(x) = -21 + 29*x - 9 - 8*x. Let i be l(14). Suppose -3*p = p - i. What are the prime factors of p?
2, 3, 11
Suppose 5 - 17 = -f - 4*d, 3*d = 5*f - 14. Let u be 17/((-1)/(-6)*3). Suppose f*c - u = 2*c. List the prime factors of c.
17
Suppose -q = o + 5, -5 = 4*o - 3*o - 4*q. List the prime factors of (-2)/11 - o/((-55)/(-299)).
3
Let o = 1290 - -923. What are the prime factors of o?
2213
Let r = -71 - -396. What are the prime factors of r?
5, 13
Suppose 5 = -4*f - 3, -a - 3*f - 2 = 0. Suppose -4*d - h - 39 = a*h, 5*h - 3 = 3*d. List the prime factors of (d/(-27))/((-4)/(-36)).
2
Let l = -916 + 1608. List the prime factors of l/10 + (4 - (-126)/(-30)).
3, 23
Suppose 845 + 2923 = 8*o. What are the prime factors of o?
3, 157
Suppose 2*h = -4*n - 3*h - 20, 4*n + 8 = -2*h. Suppose -5*d = -5*v + 590, -3*v + 2*d + 354 = -n*v. What are the prime factors of v?
2, 59
Let f = 27 - 59. Let i = 80 - f. List the prime factors of i.
2, 7
Let i = 8 + -10. Let q(n) = 7*n**2 - n. Let v be q(i). Suppose 160 = 3*u - 5*j, -2*j = u + j - v. What are the prime factors of u?
3, 5
Let o(z) be the second derivative of 5*z**3/6 + 21*z**2/2 - z + 16. What are the prime factors of o(8)?
61
Let a(z) = -16*z - 96. What are the prime factors of a(-13)?
2, 7
Let s = 66 + 17. Let r = 54 + s. List the prime factors of r.
137
Suppose 0 = -3*o + 3*w - 69, -2*o + w = 5 + 39. Let d = 25 + o. What are the prime factors of d?
2
Suppose 2*j = 3*l - 38, -j - 11 = 2*l - 3*l. Let z be 44/l - (-2)/8. What are the prime factors of z/(-4)*(-31 - 1)?
2, 3
Let v be (3342/(-12))/(1/(-6)). Suppose -v = -5*p - 511. List the prime factors of p.
2, 29
Suppose g + 2*f + 1 - 25 = 0, 0 = -3*g + 5*f + 28. Let m = -14 + g. Suppose m*a + 3*a - 150 = 0. List the prime factors of a.
2, 3, 5
Let m = 3 - 15. List the prime factors of 4/m + (-485)/(-15).
2
Let k = -9 + 9. Suppose q = -k*q + 71. What are the prime factors of q?
71
Let d(m) = 269*m**2 + 6*m - 18. What are the prime factors of d(2)?
2, 5, 107
Suppose -z + 9 = 2*z, -2727 = -4*f - 5*z. What are the prime factors of f?
2, 3, 113
Suppose -4*t + 12 = -t. Suppose 3*c = -4*u - 23 + 132, -t*c + 11 = u. List the prime factors of u.
31
Let g = 38 + -3. Let h be (-2)/(-5) + (-749)/g. Let z = 33 + h. List the prime factors of z.
2, 3
Let j = -91 + 55. Let z be (-8)/j + 32/18. List the prime factors of (3 - 0/z) + 9.
2, 3
Suppose 2*d - 7*d = -5*l, 5*d = 3*l - 2. Suppose 5*q + 8 = -2*a, -q - 1 = 1. List the prime factors of d/(2*a/(-12)).
2, 3
Suppose -29*s + 1421 = -5597. List the prime factors of s.
2, 11
Let b = -21 + 14. Let x(a) = a**3 + 8*a**2 + 7*a - 1. Let v be x(b). What are the prime factors of (-1158)/(-21) - v/(-7)?
5, 11
Let l = 116 + 35. What are the prime factors of l?
151
Suppose -4*l + 0*l + 68 = 0. Suppose 2*r = l + 59. Suppose r + 46 = 4*u. What are the prime factors of u?
3, 7
Let u(q) = q + 34. Let c(r) = r**2 + 8*r + 5. Let b be c(-7). Let t be ((-3 - -1) + 2)/b. What are the prime factors of u(t)?
2, 17
Suppose -4*i = -u + 25, 0 = -3*u - 3 + 6. Let g(k) = 2*k**2 + 1 + 64*k + 0 - 54*k - 5. What are the prime factors of g(i)?
2
Let y(u) = u**3 + u**2 - 2*u. Let l be y(2). Let t = -16 - -91. Suppose -5*i + l*i = t. List the prime factors of i.
5
Let a(c) be the second derivative of c**4/3 - 11*c**3/3 + 10*c**2 - 21*c. List the prime factors of a(8).
2, 5
Let h(g) = 2*g**2 + 10*g - 21. Let m be h(6). Suppose 0 = p + 2*p - m. List the prime factors of p.
37
Let t(b) = -23*b. Let h be t(9). What are the prime factors of h/(-15) + (-4)/(-20)?
2, 7
Let a be (-2)/((-2)/(-4) + -1). Suppose a*z + 12 = 7*z. Suppose z*s = 46 + 166. What are the prime factors of s?
53
Let f = 114 - -478. What are the prime factors of f?
2, 37
Suppose -5*t + 2 = -3*i + 3, 2*t = 2. Let a(c) = -2*c + c**i + 7*c - 4*c - 5*c - 11. List the prime factors of a(10).
7
Let a = -134 + 669. What are the prime factors of a?
5, 107
Let g be (4/3)/(3*(-6)/(-27)). List the prime factors of 6/(-2)*-29*g.
2, 3, 29
Suppose m + 2*n + n = 51, -2*n = 4*m - 184. List the prime factors of m.
3, 5
Suppose -3*w + 911 = -2*v, 24*w - 604 = 22*w + 3*v. What are the prime factors of w?
5, 61
Let n be -8 + 6 + (-482 - -2). What are the prime factors of n/(-8) + (-3)/(-4)?
61
List the prime factors of ((-12)/(-14))/3 + 408234/266.
5, 307
Let r = -2449 + 3542. List the prime factors of r.
1093
Suppose -k + 2000 = 4*q, -3*q + 2*q = k - 503. What are the prime factors of q?
499
Let f = -779 - -1859. List the prime factors of f.
2, 3, 5
Suppose 14*m = 13050 + 17526. What are the prime factors of m?
2, 3, 7, 13
Let g(q) = -2*q**3 - 44*q**2 + 6*q - 56. What are the prime factors of g(-23)?
2, 3
Let i be -1*(4/1 - -1). Let o = -1 - i. Suppose 2*y + 4*b + 34 = o*y, -b = -5*y + 121. List the prime factors of y.
5
Suppose -2*r = -10, 241 = 5*n + 3*r - 764. What are the prime factors of n?
2, 3, 11
Suppose f + 2*b - 496 = 0, 2*f + 13*b = 8*b + 989. What are the prime factors of f?
2, 251
Suppose -z - 4*z = 190. Let r be 1896/(-21) - (-4)/14. Let o = z - r. List the prime factors of o.
2, 13
Suppose -u - 4 = -2*l, -l + 4 = l - 4*u. List the prime factors of l*(-4)/8*-7*9.
3, 7
Let w(g) = g + 35. List the prime factors of w(-20).
3, 5
Suppose -3*l + 0*g + 4 = -2*g, 2*l - 2 = g. List the prime factors of -3*(-3 - l - 18).
3, 7
Suppose 0 = 3*l - 2*d - 1370, -3*l + 0*d + d + 1369 = 0. Let g be (4/6)/((-8)/l). Let a = g + 77. List the prime factors of a.
3, 13
Let i(q) = q**2 - 10*q + 2. Let s be i(10). Suppose m - 259 = -2*g + s*m, -3*g + 5*m + 399 = 0. What are the prime factors of g?
2
Let b(s) be the first derivative of s**4/4 + 4*s**3/3 - 5*s**2/2 + s - 2. Let w be b(-4). Let l = -5 + w. What are the prime factors of l?
2
Let u be 4 + 18/(-2) + 2. List the prime factors of (-361)/(-2) - (u + 14/4).
2, 3, 5
Let w(g) = -12*g + 121. What are the prime factors of w(-14)?
17
Suppose 0 = -4*g + 2*g - 80. Let o = -28 - g. Let y(d) = d**3 - 11*d**2 - 9*d - 2. List the prime factors of y(o).
2, 17
Suppose -4*a = -739 - 1481. List the prime factors of a.
3, 5, 37
Suppose 0 = -8*f - 4*f + 4740. What are the prime factors of f?
5, 79
List the prime factors of -2 + 